 is divided by ((-133)/w)/(2/6) - 3.
13
Suppose 5*b = b + 2*k + 14, 0 = -2*b - 3*k - 5. Let r(v) = 125*v + 9297. Calculate the remainder when r(-74) is divided by (7 - b)*(3 + -1).
7
Suppose -9*j - 1264 = 1283. Suppose -4*u = -x + 1586, 11 - 1 = 5*x. Let i = j - u. Calculate the remainder when i is divided by 29.
26
Let f be ((2 + 0)/(-6))/(9/(-81)). Suppose f*n - 1311 + 444 = -3*o, -4*n = -o - 1166. Calculate the remainder when n is divided by 14.
11
Let o be (0 - 0)/(-12 + 11). Suppose o = -3*b - 18. Let h(a) = -3*a**2 - 28*a - 9. What is the remainder when h(b) is divided by 13?
12
Let q = -21 - -25. Suppose 4*r + 152 = 4*j, -7 - 147 = -5*j - q*r. Let b = j - -105. Calculate the remainder when b is divided by 28.
27
Suppose 119*w - 112*w - 10073 = 0. What is the remainder when w is divided by 7?
4
Suppose 0 = -3*g - 30 + 36. Let h(y) = -y**2 - 8*y + 0*y + 17 + 5*y**2 - 2*y**g. Calculate the remainder when 94 is divided by h(5).
13
Suppose 2*c - l - 19 = 0, 4*l + 6 = 4*c - 26. Suppose -13*x + 119 = -c. Calculate the remainder when 25 is divided by x.
5
Let b(d) = 348*d - 2431. Calculate the remainder when 277 is divided by b(7).
2
Let u(l) = 86*l**2 - 1972*l + 7906. Calculate the remainder when u(4) is divided by 5.
4
Let i(x) = -4*x**3 - 5*x**2 + 14*x + 97. What is the remainder when i(-5) is divided by 116?
54
Suppose -5*v - 3267 = -14*v. Suppose v + 231 = 11*o. Let f(c) = -c**2 - 7*c + 2. Calculate the remainder when o is divided by f(-4).
12
Suppose -97*f + 94*f + 603 = -2*o, o = 5*f - 1005. What is the remainder when f is divided by 48?
9
Let r(g) = g**3 - 12*g**2 - 10*g + 44. Let j(a) = 24*a + 464. What is the remainder when r(13) is divided by j(-18)?
19
Calculate the remainder when 4417 is divided by -2 + 4 - ((-24)/10)/((-96)/(-1280)).
31
Suppose -3*s - 6360 = -35*s + 53480. Calculate the remainder when s is divided by 3.
1
Suppose -83 - 957 = 5*m. Let j = m - -255. What is the remainder when j is divided by 5?
2
Suppose 16*w + 32 = 24*w. Suppose -3*a - w*q - 23 = 0, -42 = 5*a + 3*q - 0*q. What is the remainder when a*(-2)/6*58/3 is divided by 15?
13
Let z = -31 - -63. Let h = 1371 + -1248. What is the remainder when h is divided by z?
27
Let a(z) = 6*z + 9. Let o(y) = 7*y + 10. Let s(d) = 3*a(d) - 2*o(d). Let w(x) = -23*x + 288. Let q be w(12). Calculate the remainder when s(q) is divided by 8.
7
Let m(f) = -f**3 + 7*f**2 + 3*f - 10. Suppose -4*n - 4 = 8. Let q = 14 - n. What is the remainder when m(4) is divided by q?
16
Let c(w) = -w**3 + 9*w**2 + 4*w - 11. Suppose 4*x + 4 = -5*v, 2*v = 4*x + x - 28. Suppose -341 - 43 = -x*l. What is the remainder when l is divided by c(9)?
21
Let x(z) = -z**3 - 5*z**2 - 5*z + 5. Let w be x(-3). What is the remainder when 71 is divided by w/(-6) - 152/(-6)?
21
Let z(m) = 10*m + 164. Let q be 1 - -3*136/(-24). Calculate the remainder when 17 is divided by z(q).
1
Let g = 779 + -769. Suppose 0 = 5*x + 37 - 412. Calculate the remainder when x is divided by g.
5
Let g(d) = -d**3 - d**2 + 4*d + 3. Let f(t) = t**3 - 5*t**2 + t + 2. Let x be f(4). Let k = -13 - x. What is the remainder when 33 is divided by g(k)?
6
Suppose 5*a + 1237 = -3*t, 12 + 213 = -a + 5*t. Let x = a - -324. Calculate the remainder when 150 is divided by x.
71
Let n be -4 + (-39)/6*-2. Suppose 2*a = -n + 41. What is the remainder when 43 is divided by a?
11
Let o = -293 + 297. Calculate the remainder when o/22 - ((-26788)/11)/4 is divided by 36.
33
Suppose -5*s + 4*s = 2*d - 358, -d - 4*s + 158 = 0. What is the remainder when 296 is divided by d?
114
Let h = -92 - -105. Suppose -h*v = -170 - 688. Calculate the remainder when v is divided by 23.
20
Let k(g) = 220*g - 1601. What is the remainder when k(12) is divided by 516?
7
Let o = 4916 - 4889. Let k be (-6)/(-36) + (-110)/12. Calculate the remainder when o is divided by (-15)/2*18/k.
12
Let l(h) = 2*h**2 + 29*h - 104. Calculate the remainder when l(-19) is divided by 14.
11
Suppose 30*r - 26*r - s = 309912, -2*r + 3*s = -154966. Calculate the remainder when r is divided by 13.
10
Suppose -4*r + 30 = 2*c, 3*c + 3 = 4*c. Let u(b) = -b**2 + 8*b - 2. What is the remainder when (-86)/(-3) - 3/(-9) is divided by u(r)?
9
Let l be (-216)/(-63) - (-4)/7. Suppose 0 = -5*w - 11*h + 8*h + 612, l*w + 2*h = 488. Suppose 35*u = 40*u - w. Calculate the remainder when u is divided by 7.
3
Let g = 41 - -23. Suppose -399 = -9*d - 192. What is the remainder when g is divided by d?
18
Let g(j) = j**3 + 17*j**2 - 207*j - 26. Calculate the remainder when g(-25) is divided by 2.
1
What is the remainder when 2/(15/(-21) - 29574/(-41286)) is divided by 23?
17
Suppose 3*o + 636 = -255. What is the remainder when 179 is divided by (-54)/o + (-405)/(-11)?
31
Let m(y) be the first derivative of 9 - 23*y - 5/2*y**2. What is the remainder when m(-12) is divided by 15?
7
Let p = 19245 - 18137. Calculate the remainder when p is divided by 112.
100
Suppose -3*c - 6 = 0, -378 = -2*o - 76*c + 78*c. What is the remainder when 798 is divided by o?
50
Suppose 3 = -517*s + 518*s. Suppose s*p = -2*m + 83, 7*m - 216 = 2*m + p. Calculate the remainder when 341 is divided by m.
40
Let i = 114 + -181. Let w = i - -68. Let p(t) = 39*t**2 - 3*t + 1. What is the remainder when p(w) is divided by 22?
15
Let o(g) = 196*g**2 + 4*g - 14. What is the remainder when o(1) is divided by 28?
18
Suppose -2*a = 2, a - 376 = -3*g - 71. What is the remainder when g is divided by 67?
35
Let z = 11 + 2. Let f = -10 + z. Suppose 0 = -3*m - f*s + 21, s = -1 + 2. What is the remainder when 13 is divided by m?
1
Let q(k) = 4*k + 4. Calculate the remainder when -7 + 6250/60 - (-10)/12 is divided by q(4).
18
Suppose 2*c + 3*r = 17, 12 = 5*c + 3*r - 44. What is the remainder when 2235 is divided by c?
12
Let a = 857 - 706. What is the remainder when a is divided by 36?
7
Suppose -2692*y + 1227*y = -772055. Let o(n) = -2*n**3 - 2*n**2 - n. What is the remainder when y is divided by o(-2)?
7
Let c = 3015 + -2718. Calculate the remainder when c is divided by 72.
9
Suppose 0 = 5*c - 5, -2*b = 4*c + 9 + 15. Let d = 16 + b. Suppose -x + a + 26 = 0, -3*x + x = d*a - 40. Calculate the remainder when 88 is divided by x.
19
What is the remainder when 179 is divided by ((1 - 2) + -2)/(12/(-608))?
27
Let n be (-12)/20 - ((-5056)/10)/(-4). Let o = 141 + n. Suppose -i = -2*k - 3*k - 9, -4*i = 3*k - 36. What is the remainder when o is divided by i?
5
Suppose 0 = -3*p - 3*w + 6, 4*w + 7 = 15. Calculate the remainder when 0 - (p - (109 + 7)) is divided by 39.
38
Suppose -4*d = 14 - 90. Suppose -2*i - 2347 = -3*w, 11*i = 4*w + 12*i - 3111. Suppose -674 = 3*r - w. What is the remainder when r is divided by d?
16
Suppose -50*p - 2491288 = -406*p. What is the remainder when p is divided by 40?
38
Suppose -4*m - 2*r = 0, 3*r + 1 + 3 = -4*m. Suppose w - m = -1, 648 = 5*f + 3*w. Calculate the remainder when f is divided by 65.
64
Let y(v) = -2*v + 4. Suppose 24 = 4*h - 156. Suppose 0 = -p - 2*l - 4, -4*l - l - h = 5*p. Calculate the remainder when y(p) is divided by 7.
4
Calculate the remainder when ((-14)/(-5))/(2/20) is divided by (380/228)/(10/66).
6
Let h = -41 + 382. Suppose 415 + h = 6*s. Calculate the remainder when s is divided by 33.
27
Suppose 2*j = -2*z + 188, 36*z = 35*z - 3*j + 74. Suppose -4*f + 75 = 3*k, -2*f + 0*k + 54 = -4*k. Calculate the remainder when z is divided by f.
20
Suppose 2*m = -2*m - 25 + 337. Let f(q) = -q**3 + 8*q**2 - 8*q + 3. Calculate the remainder when m is divided by f(6).
24
Suppose -y - 3*y = r - 298, 4*y = -3*r + 302. Let m(c) = -3214*c - 3187. Calculate the remainder when y is divided by m(-1).
20
Let z be (1*3)/((-25)/20 + 2). Suppose 0 = 2*v - 5*t + 3*t - 86, -210 = -5*v + z*t. What is the remainder when v is divided by 4?
2
Suppose -23 + 6 = -a. Suppose a + 37 = 6*v. What is the remainder when 24 is divided by v?
6
Let x(c) = c**3 + 58*c**2 - 53*c + 453. What is the remainder when 101 is divided by x(-59)?
2
Suppose -2*w + 36 = -0*w. Let a(j) = -6*j - 62. Let y be a(-9). Let l = w + y. What is the remainder when 17 is divided by l?
7
Let v be 3*(3 - (-10)/(-6)). Suppose -c = c + 10, -288 = -4*a - v*c. Let p = 5868 - 5841. What is the remainder when a is divided by p?
23
Suppose 0 = 35*p + 31*p + 64614. Let n = p - -1034. Cal